of 2246?
2
What is the thousands digit of 1928?
1
What is the hundreds digit of 7221?
2
What is the ten thousands digit of 32153?
3
What is the units digit of 516?
6
What is the hundreds digit of 3014?
0
What is the units digit of 83707?
7
What is the ten thousands digit of 22417?
2
What is the ten thousands digit of 18256?
1
What is the units digit of 233?
3
What is the ten thousands digit of 25766?
2
What is the tens digit of 2445?
4
What is the thousands digit of 6431?
6
What is the tens digit of 32?
3
What is the tens digit of 11965?
6
What is the hundreds digit of 15790?
7
What is the units digit of 4271?
1
What is the hundreds digit of 7838?
8
What is the hundreds digit of 24774?
7
What is the units digit of 3074?
4
What is the units digit of 1051?
1
What is the thousands digit of 39647?
9
What is the tens digit of 403?
0
What is the units digit of 460?
0
What is the hundreds digit of 137?
1
What is the thousands digit of 25145?
5
What is the tens digit of 2239?
3
What is the thousands digit of 16623?
6
What is the thousands digit of 12771?
2
What is the hundreds digit of 648?
6
What is the hundreds digit of 391?
3
What is the tens digit of 1488?
8
What is the tens digit of 647?
4
What is the tens digit of 694?
9
What is the units digit of 23996?
6
What is the units digit of 1114?
4
What is the tens digit of 336?
3
What is the tens digit of 97269?
6
What is the tens digit of 7138?
3
What is the units digit of 545?
5
What is the units digit of 553?
3
What is the units digit of 16501?
1
What is the units digit of 903?
3
What is the tens digit of 4056?
5
What is the tens digit of 335?
3
What is the tens digit of 120?
2
What is the units digit of 6824?
4
What is the hundreds digit of 5465?
4
What is the hundreds digit of 551?
5
What is the thousands digit of 1178?
1
What is the tens digit of 387?
8
What is the ten thousands digit of 15507?
1
What is the units digit of 26?
6
What is the hundreds digit of 78284?
2
What is the units digit of 8101?
1
What is the tens digit of 105?
0
What is the units digit of 13694?
4
What is the units digit of 25520?
0
What is the units digit of 774?
4
What is the thousands digit of 10005?
0
What is the hundreds digit of 5247?
2
What is the units digit of 10740?
0
What is the hundreds digit of 6705?
7
What is the units digit of 5047?
7
What is the hundreds digit of 39429?
4
What is the units digit of 44119?
9
What is the units digit of 759?
9
What is the hundreds digit of 69965?
9
What is the tens digit of 741?
4
What is the tens digit of 398?
9
What is the ten thousands digit of 13387?
1
What is the units digit of 658?
8
What is the ten thousands digit of 79490?
7
What is the tens digit of 14519?
1
What is the hundreds digit of 959?
9
What is the units digit of 667?
7
What is the hundreds digit of 11336?
3
What is the ten thousands digit of 111766?
1
What is the hundreds digit of 215?
2
What is the hundreds digit of 100906?
9
What is the tens digit of 3545?
4
What is the ten thousands digit of 13253?
1
What is the hundreds digit of 6269?
2
What is the hundreds digit of 43061?
0
What is the ten thousands digit of 23071?
2
What is the thousands digit of 96946?
6
What is the hundreds digit of 4482?
4
What is the hundreds digit of 1352?
3
What is the hundreds digit of 1550?
5
What is the hundreds digit of 1579?
5
What is the units digit of 12017?
7
What is the tens digit of 1188?
8
What is the tens digit of 5707?
0
What is the hundreds digit of 983?
9
What is the hundreds digit of 2954?
9
What is the tens digit of 13616?
1
What is the hundreds digit of 18938?
9
What is the thousands digit of 1001?
1
What is the ten thousands digit of 14680?
1
What is the thousands digit of 3857?
3
What is the units digit of 4744?
4
What is the ten thousands digit of 18620?
1
What is the tens digit of 1696?
9
What is the thousands digit of 9995?
9
What is the hundreds digit of 181?
1
What is the hundreds digit of 1082?
0
What is the hundreds digit of 90670?
6
What is the hundreds digit of 154395?
3
What is the units digit of 1039?
9
What is the hundreds digit of 20022?
0
What is the tens digit of 83035?
3
What is the units digit of 35107?
7
What is the thousands digit of 1755?
1
What is the hundreds digit of 1563?
5
What is the tens digit of 1234?
3
What is the hundreds digit of 375?
3
What is the ten thousands digit of 10010?
1
What is the hundreds digit of 10014?
0
What is the thousands digit of 2003?
2
What is the units digit of 1588?
8
What is the thousands digit of 3541?
3
What is the hundreds digit of 877?
8
What is the ten thousands digit of 61401?
6
What is the thousands digit of 3518?
3
What is the tens digit of 3845?
4
What is the hundreds digit of 15543?
5
What is the thousands digit of 5545?
5
What is the hundreds digit of 608?
6
What is the thousands digit of 7378?
7
What is the thousands digit of 2314?
2
What is the thousands digit of 17972?
7
What is the ten thousands digit of 10938?
1
What is the units digit of 47549?
9
What is the units digit of 96?
6
What is the tens digit of 390?
9
What is the tens digit of 1384?
8
What is the units digit of 23003?
3
What is the hundreds digit of 17000?
0
What is the hundreds digit of 17622?
6
What is the hundreds digit of 8405?
4
What is the tens digit of 12920?
2
What is the thousands digit of 4377?
4
What is the ten thousands digit of 93051?
9
What is the hundreds digit of 284?
2
What is the tens digit of 55831?
3
What is the units digit of 9815?
5
What is the tens digit of 88604?
0
What is the hundreds digit of 39219?
2
What is the tens digit of 5056?
5
What is the units digit of 785?
5
What is the units digit of 94069?
9
What is the units digit of 39623?
3
What is the hundreds digit of 21056?
0
What is the hundreds digit of 4742?
7
What is the hundreds digit of 171?
1
What is the units digit of 66673?
3
What is the hundreds digit of 5908?
9
What is the hundreds digit of 82567?
5
What is the tens digit of 4208?
0
What is the tens digit of 3556?
5
What is the tens digit of 26310?
1
What is the tens digit of 27039?
3
What is the hundreds digit of 1320?
3
What is the tens digit of 5209?
0
What is the units digit of 2047?
7
What is the tens digit of 7366?
6
What is the tens digit of 1156?
5
What is the units digit of 12285?
5
What is the hundreds digit of 1016?
0
What is the tens digit of 22901?
0
What is the tens digit of 775?
7
What is the tens digit of 565?
6
What is the tens digit of 1415?
1
What is the hundreds digit of 17600?
6
What is the units digit of 20727?
7
What is the hundreds digit of 701?
7
What is the hundreds digit of 81739?
7
What is the thousands digit of 17886?
7
What is the tens digit of 99465?
6
What is the thousands digit of 7280?
7
What is the hundreds digit of 108318?
3
What is the units digit of 85912?
2
What is the ten thousands digit of 29468?
2
What is the tens digit of 4060?
6
What is the thousands digit of 3825?
3
What is the units digit of 13089?
9
What is the tens digit of 1227?
2
What is the tens digit of 18435?
3
What is the ten thousands digit of 35715?
3
What is the ten thousands digit of 99150?
9
What is the hundreds digit of 14315?
3
What is the thousands digit of 48193?
8
What is the units digit of 803?
3
What is the units digit of 650?
0
What is the thousands digit of 17888?
7
What is the units digit of 1688?
8
What is the units digit of 1407?
7
What is the tens digit of 523?
2
What is the thousands digit of 4293?
4
What is the tens digit of 56?
5
What is the thousands digit of 16442?
6
What is the thousands digit of 2618?
2
What is the hundreds digit of 2369?
3
What is the hundreds digit of 2662?
6
What is the tens digit of 1460?
6
What is the thousands digit of 15649?
5
What is the tens digit of 62785?
8
What is the hundreds digit of 51035?
0
What is the ten thousands digit of 27568?
2
What is the hundreds digit of 4237?
2
What is the ten thousands digit of 54831?
5
What is the tens digit of 139?
3
What is the hundreds digit of 60816?
8
What is the ten thousands digit of 47834?
4
What is the ten thousands digit of 14848?
1
What is the thousands digit of 1963?
1
What is the tens digit of 9682?
8
What is the hundreds digit of 55506?
5
What is the thousands digit of 4482?
4
What is the units digit of 17639?
9
What is the hundreds digit